{"id":600,"date":"2023-01-30T02:21:17","date_gmt":"2023-01-30T02:21:17","guid":{"rendered":"https:\/\/radiosoulvidafm.com.br\/?page_id=600"},"modified":"2023-01-30T02:21:17","modified_gmt":"2023-01-30T02:21:17","slug":"oficina","status":"publish","type":"page","link":"https:\/\/radiosoulvidafm.com.br\/index.php\/oficina\/","title":{"rendered":"Oficina &#8211;"},"content":{"rendered":"<p><img loading=\"lazy\" decoding=\"async\" class=\"alignnone size-full wp-image-601\" src=\"https:\/\/radiosoulvidafm.com.br\/wp-content\/uploads\/2023\/01\/WhatsApp-Image-2023-01-29-at-23.18.49.jpeg\" alt=\"\" width=\"1280\" height=\"491\" srcset=\"https:\/\/radiosoulvidafm.com.br\/wp-content\/uploads\/2023\/01\/WhatsApp-Image-2023-01-29-at-23.18.49.jpeg 1280w, https:\/\/radiosoulvidafm.com.br\/wp-content\/uploads\/2023\/01\/WhatsApp-Image-2023-01-29-at-23.18.49-300x115.jpeg 300w, https:\/\/radiosoulvidafm.com.br\/wp-content\/uploads\/2023\/01\/WhatsApp-Image-2023-01-29-at-23.18.49-1030x395.jpeg 1030w, https:\/\/radiosoulvidafm.com.br\/wp-content\/uploads\/2023\/01\/WhatsApp-Image-2023-01-29-at-23.18.49-768x295.jpeg 768w, https:\/\/radiosoulvidafm.com.br\/wp-content\/uploads\/2023\/01\/WhatsApp-Image-2023-01-29-at-23.18.49-705x270.jpeg 705w\" sizes=\"auto, (max-width: 1280px) 100vw, 1280px\" \/><\/p>\n<p>&nbsp;<\/p>\n<p>A r\u00e1dio Onda oferece gratuitamente para os radiodifusores comunit\u00e1rios e p\u00fablico em geral da cidade de S\u00e3o Paulo, a Oficina de Narra\u00e7\u00e3o de \u00c1udio Livros .<\/p>\n<p>Come\u00e7a dia 7 de fevereiro, nas ter\u00e7as e quintas at\u00e9 dia 23 de fevereiro.<\/p>\n<p>Inscri\u00e7\u00f5es pelo link = <a href=\"https:\/\/forms.gle\/A4uUhMxP7LmofD9X9\">https:\/\/forms.gle\/A4uUhMxP7LmofD9X9<\/a><\/p>\n","protected":false},"excerpt":{"rendered":"<p>&nbsp; A r\u00e1dio Onda oferece gratuitamente para os radiodifusores comunit\u00e1rios e p\u00fablico em geral da cidade de S\u00e3o Paulo, a Oficina de Narra\u00e7\u00e3o de \u00c1udio Livros . Come\u00e7a dia 7 de fevereiro, nas ter\u00e7as e quintas at\u00e9 dia 23 de fevereiro. Inscri\u00e7\u00f5es pelo link = https:\/\/forms.gle\/A4uUhMxP7LmofD9X9<\/p>\n","protected":false},"author":1,"featured_media":0,"parent":0,"menu_order":0,"comment_status":"closed","ping_status":"closed","template":"","meta":{"footnotes":""},"class_list":["post-600","page","type-page","status-publish","hentry"],"_links":{"self":[{"href":"https:\/\/radiosoulvidafm.com.br\/index.php\/wp-json\/wp\/v2\/pages\/600","targetHints":{"allow":["GET"]}}],"collection":[{"href":"https:\/\/radiosoulvidafm.com.br\/index.php\/wp-json\/wp\/v2\/pages"}],"about":[{"href":"https:\/\/radiosoulvidafm.com.br\/index.php\/wp-json\/wp\/v2\/types\/page"}],"author":[{"embeddable":true,"href":"https:\/\/radiosoulvidafm.com.br\/index.php\/wp-json\/wp\/v2\/users\/1"}],"replies":[{"embeddable":true,"href":"https:\/\/radiosoulvidafm.com.br\/index.php\/wp-json\/wp\/v2\/comments?post=600"}],"version-history":[{"count":1,"href":"https:\/\/radiosoulvidafm.com.br\/index.php\/wp-json\/wp\/v2\/pages\/600\/revisions"}],"predecessor-version":[{"id":602,"href":"https:\/\/radiosoulvidafm.com.br\/index.php\/wp-json\/wp\/v2\/pages\/600\/revisions\/602"}],"wp:attachment":[{"href":"https:\/\/radiosoulvidafm.com.br\/index.php\/wp-json\/wp\/v2\/media?parent=600"}],"curies":[{"name":"wp","href":"https:\/\/api.w.org\/{rel}","templated":true}]}}